 6, what is 132 - 2?
130
In base 5, what is -414 - -14?
-400
In base 12, what is -7 + -16?
-21
In base 16, what is 1 - 4d?
-4c
In base 7, what is 5 - -44?
52
In base 11, what is 164 + 1?
165
In base 9, what is -1 - 1870?
-1871
In base 8, what is 213 - -7?
222
In base 14, what is -1 - 625?
-626
In base 9, what is 67 + -32?
35
In base 7, what is 1 - -1201?
1202
In base 11, what is -5 + 330?
326
In base 4, what is 1 + -22100?
-22033
In base 2, what is -1010 + -101010101?
-101011111
In base 14, what is 4 - -644?
648
In base 14, what is 6 + c3?
c9
In base 13, what is -2 + -28?
-2a
In base 11, what is 33 + 9?
41
In base 14, what is 0 - -1b3a?
1b3a
In base 4, what is 10331 + 3?
11000
In base 15, what is -14 + -24?
-38
In base 9, what is 10588 - -5?
10604
In base 15, what is 1 + c7?
c8
In base 8, what is -45734 - -2?
-45732
In base 16, what is 1427d - 4?
14279
In base 14, what is 9 - -2d?
38
In base 7, what is -300 + 4?
-263
In base 3, what is 2020210 + -2?
2020201
In base 5, what is 2 + 210?
212
In base 16, what is -3 - 145?
-148
In base 3, what is -12 + -1000112?
-1000201
In base 2, what is 101 + -10111?
-10010
In base 14, what is -117 + -1?
-118
In base 7, what is -34 - 1200?
-1234
In base 12, what is 31a4 + -3?
31a1
In base 3, what is 12111 + -2?
12102
In base 8, what is -1 - -56?
55
In base 6, what is -11 + -2035?
-2050
In base 16, what is 211 + 6?
217
In base 3, what is 2 + 20011?
20020
In base 2, what is -1000 - 1001110?
-1010110
In base 6, what is 5 + 5243?
5252
In base 6, what is 15 - -23?
42
In base 4, what is 320 + 20?
1000
In base 12, what is 0 + -28?
-28
In base 10, what is -29 - 0?
-29
In base 5, what is 2 - 100021?
-100014
In base 9, what is 3061 - 1?
3060
In base 9, what is 272 - -7?
280
In base 2, what is 10 + -100010?
-100000
In base 3, what is 12 + -121001?
-120212
In base 4, what is 23133 + 1?
23200
In base 11, what is -2 + 597?
595
In base 3, what is 101201 + -12?
101112
In base 15, what is -1db1 - 5?
-1db6
In base 15, what is 0 - 3?
-3
In base 6, what is 3 + -5?
-2
In base 5, what is 20041 + 10?
20101
In base 15, what is 29 + -11?
18
In base 7, what is -464 - 21?
-515
In base 4, what is 330 + 11?
1001
In base 7, what is -511 + 5?
-503
In base 7, what is -302 + 4?
-265
In base 9, what is 6 - -3480?
3486
In base 11, what is 0 + 2?
2
In base 7, what is 0 - 440?
-440
In base 15, what is 36 - 75?
-3e
In base 9, what is -6 - 384?
-401
In base 8, what is 1217 + 3?
1222
In base 5, what is 211 - 11?
200
In base 4, what is -11 + 132231?
132220
In base 13, what is c + -6?
6
In base 7, what is 35 - 1214?
-1146
In base 7, what is 1 - -201?
202
In base 12, what is -215 + -37?
-250
In base 4, what is -121102 + -12?
-121120
In base 7, what is 210 - -3?
213
In base 15, what is -1 + d96?
d95
In base 4, what is 22 + -2?
20
In base 16, what is -60 - 5?
-65
In base 4, what is -3302 - 120?
-10022
In base 3, what is 11112 - 200?
10212
In base 3, what is 11 - 1121?
-1110
In base 9, what is -11023 - 4?
-11027
In base 7, what is 5 + -153?
-145
In base 5, what is -123300 + 10?
-123240
In base 4, what is 3 - -22131?
22200
In base 8, what is 5 - 1627?
-1622
In base 16, what is -b91 + 4?
-b8d
In base 3, what is -20222 - 111?
-21110
In base 11, what is -328 + -16?
-343
In base 10, what is 230 - 8?
222
In base 4, what is 11 - -12002?
12013
In base 8, what is -1145 - -3?
-1142
In base 10, what is -220 - -5?
-215
In base 8, what is -3 - -2113?
2110
In base 12, what is 102 - 2?
100
In base 5, what is 2100 - -4?
2104
In base 16, what is -c - 8a?
-96
In base 4, what is -100 - -10?
-30
In base 4, what is -1 - -301?
300
In base 7, what is 100460 - -3?
100463
In base 15, what is -d77 + -2?
-d79
In base 9, what is 361 + 8?
370
In base 4, what is -13 + 111?
32
In base 5, what is 2003 + 13?
2021
In base 4, what is 11222 + -31?
11131
In base 11, what is 3099 - -4?
30a2
In base 10, what is -1088 + -5?
-1093
In base 6, what is -203 - 3?
-210
In base 10, what is 0 - 0?
0
In base 16, what is -2 + -3d?
-3f
In base 5, what is 111 + 0?
111
In base 13, what is 4 + a7?
ab
In base 14, what is -1 + -2b51?
-2b52
In base 7, what is 4602 - -11?
4613
In base 11, what is 68 + -1?
67
In base 14, what is 251c + -1?
251b
In base 4, what is -31 - 120312?
-121003
In base 12, what is -16 - -1?
-15
In base 7, what is 6 - 42?
-33
In base 10, what is 20 + -3?
17
In base 8, what is -11 - 13?
-24
In base 6, what is -1513 + 2?
-1511
In base 4, what is -2331 + 0?
-2331
In base 7, what is -2 + 125?
123
In base 12, what is -79a - -5?
-795
In base 5, what is -2 + -110401?
-110403
In base 6, what is 22 + -1?
21
In base 13, what is a009 - 5?
a004
In base 16, what is 328 + -3?
325
In base 15, what is 1 - -2b5?
2b6
In base 15, what is 3a + -10?
2a
In base 16, what is -1143 - -5?
-113e
In base 2, what is 110 + -1000?
-10
In base 9, what is -4 - 1470?
-1474
In base 5, what is 113 + -12?
101
In base 10, what is -40 + -3?
-43
In base 8, what is -426 + -2?
-430
In base 4, what is 20 + 102222?
102302
In base 2, what is 0 - -1011?
1011
In base 3, what is 12 - -10112010?
10112022
In base 13, what is 9 + -17?
-b
In base 8, what is 5 + -443?
-436
In base 15, what is de - 6?
d8
In base 3, what is 2122122 + -10?
2122112
In base 10, what is 4 + -440?
-436
In base 8, what is 121 + 5?
126
In base 16, what is 218f - -5?
2194
In base 16, what is 3 - f2?
-ef
In base 13, what is -168 + 4?
-164
In base 4, what is -1020 - 12?
-1032
In base 3, what is 1012010111 + -2?
1012010102
In base 6, what is 4 + 21?
25
In base 15, what is -3 + -257?
-25a
In base 11, what is -3 - -2719?
2716
In base 3, what is 20212 - -110?
21022
In base 2, what is -100100 + -1?
-100101
In base 14, what is 22 - 0?
22
In base 12, what is 3 + -1399?
-1396
In base 5, what is -1124 - 3?
-1132
In base 7, what is 10 + 15?
25
In base 16, what is 941 + 1?
942
In base 16, what is -1c7 - 2?
-1c9
In base 12, what is -7 + 7b?
74
In base 5, what is 4 + 340?
344
In base 11, what is 5 + -181?
-177
In base 5, what is 1 - 32?
-31
In base 16, what is 1 - -ee?
ef
In base 4, what is -3001 - 3?
-3010
In base 3, what is 10 + -110110?
-110100
In base 8, what is -4 + 2170?
2164
In base 12, what is -63 + b?
-54
In base 7, what is 3653 + 0?
3653
In base 4, what is 2021 - 0?
2021
In base 2, what is -100 - 11011000?
-11011100
In base 7, what is -30 - 1?
-31
In base 6, what is 141 + -22?
115
In base 2, what is -1110101100101 + 1?
-1110101100100
In base 3, what is -1011120 - -2?
-1011111
In base 5, what is -11 - -1033?
1022
In base 16, what is 1 + 212?
213
In base 2, what is -1 - -111110000010?
111110000001
In base 2, what is -101 + -100011?
-101000
In base 5, what is 10 - 21114?
-21104
In base 4, what is -103 - -2?
-101
In base 7, what is -1 + 0?
-1
In base 4, what is -220332 + -10?
-221002
In base 10, what is 0 + 2815?
2815
In base 3, what is -112 - 11?
-200
In base 13, what is -9 + -240?
-249
In base 6, what is 20441 - 5?
20432
In base 14, what is -4 + 26?
22
In base 9, what is 42 - 38?
3
In base 13, what is 7 + -20?
-16
In base 3, what is -201111012 + 12?
-201111000
In base 7, what is 304 - 31?
243
In base 16, what is 34b + 2?
34d
In base 3, what is -2 - -2012?
2010
In base 8, what is -74 - 32?
-126
In base 3, what is -1201 - -102?
-1022
In base 4, what is 3 - -131?
200
In base 3, what is -2020 - -1121?
-122
In base 10, what is -3 + -63?
-66
In base 13, what is a8 - 0?
a8
In base 10, what is 671 - 0?
671
In base 3, what is -1101 + 21?
-1010
In base 9, what is -35851 - -4?
-35846
In base 14, what is -1a25 - -5?
-1a20
In base 15, what is -16 - -22?
b
In base 8, what is 1075 + 1?
1076
In base 5, what is -4 + 4120?
4111
In base 15, what is -3b - 3?
-3e
In base 6, what is -1501 - 4?
-1505
In base 2, what is 100 + 1010000?
1010100
In base 8, what is -4 - -276?
272
In base 16, what is 1e0 + -11?
1cf
In base 8, what is -6306 - 1?
-6307
In base 9, what is 3757 - -6?
3764
In base 4, what is -1 + -100301?
-100302
In base 10, what is -1 + 1710?
1709
In base 10, what is 3302 + 2?
3304
In base 10, what is 1 + -235?
-234
In base 14, what is 1 + 4b?
4c
In base 7, what is 2 - -51?
53
In base 3, what is -1 - 1212002?
-1212010
In base 3, what is 22220 + 110?
100100
In base 11, what is 13 + 177?
18a
In base 4, what is -200 - -3113?
2313
In base 7, what is -50 + -3?
-53
In base 11, what is 275 - -4?